{"id":4603,"date":"2025-04-25T21:53:06","date_gmt":"2025-04-26T01:53:06","guid":{"rendered":"https:\/\/ctica.ula.ve\/observatorio\/?page_id=4603"},"modified":"2026-04-21T10:53:44","modified_gmt":"2026-04-21T14:53:44","slug":"recursos-educativos-abiertos-rea","status":"publish","type":"page","link":"https:\/\/ctica.ula.ve\/observatorio\/recursos-educativos-abiertos-rea\/","title":{"rendered":"Recursos Educativos Abiertos (REA)"},"content":{"rendered":"\t\t<div data-elementor-type=\"wp-page\" data-elementor-id=\"4603\" class=\"elementor elementor-4603\" data-elementor-post-type=\"page\">\n\t\t\t\t<div class=\"elementor-element elementor-element-1ae6cf3 e-flex e-con-boxed e-con e-parent\" data-id=\"1ae6cf3\" data-element_type=\"container\" data-e-type=\"container\">\n\t\t\t\t\t<div class=\"e-con-inner\">\n\t\t<div class=\"elementor-element elementor-element-0d0b1c2 e-con-full e-flex e-con e-child\" data-id=\"0d0b1c2\" data-element_type=\"container\" data-e-type=\"container\">\n\t\t\t\t<div class=\"elementor-element elementor-element-8286441 exad-sticky-section-no exad-glass-effect-no elementor-widget elementor-widget-image\" data-id=\"8286441\" data-element_type=\"widget\" data-e-type=\"widget\" data-widget_type=\"image.default\">\n\t\t\t\t<div class=\"elementor-widget-container\">\n\t\t\t\t\t\t\t\t\t\t\t\t\t\t\t\t<a href=\"http:\/\/rea.ula.ve:8080\/xmlui\/\">\n\t\t\t\t\t\t\t<img fetchpriority=\"high\" decoding=\"async\" width=\"640\" height=\"310\" src=\"https:\/\/ctica.ula.ve\/observatorio\/wp-content\/uploads\/2025\/05\/ICONO4-1024x496.png\" class=\"attachment-large size-large wp-image-5632\" alt=\"\" srcset=\"https:\/\/ctica.ula.ve\/observatorio\/wp-content\/uploads\/2025\/05\/ICONO4-1024x496.png 1024w, https:\/\/ctica.ula.ve\/observatorio\/wp-content\/uploads\/2025\/05\/ICONO4-300x145.png 300w, https:\/\/ctica.ula.ve\/observatorio\/wp-content\/uploads\/2025\/05\/ICONO4-768x372.png 768w, https:\/\/ctica.ula.ve\/observatorio\/wp-content\/uploads\/2025\/05\/ICONO4-1536x744.png 1536w, https:\/\/ctica.ula.ve\/observatorio\/wp-content\/uploads\/2025\/05\/ICONO4-2048x992.png 2048w\" sizes=\"(max-width: 640px) 100vw, 640px\" \/>\t\t\t\t\t\t\t\t<\/a>\n\t\t\t\t\t\t\t\t\t\t\t\t\t\t\t<\/div>\n\t\t\t\t<\/div>\n\t\t\t\t<\/div>\n\t\t<div class=\"elementor-element elementor-element-329d964 e-con-full e-flex e-con e-child\" data-id=\"329d964\" data-element_type=\"container\" data-e-type=\"container\">\n\t\t\t\t<div class=\"elementor-element elementor-element-e7e47f2 exad-sticky-section-no exad-glass-effect-no elementor-widget elementor-widget-text-editor\" data-id=\"e7e47f2\" data-element_type=\"widget\" data-e-type=\"widget\" data-widget_type=\"text-editor.default\">\n\t\t\t\t<div class=\"elementor-widget-container\">\n\t\t\t\t\t\t\t\t\t<p><span style=\"color: #0053a1;\">La \u200bUniversidad de los Andes, a trav\u00e9s del\u00a0Consejo de Tecnolog\u00edas de la Informaci\u00f3n y Comunicaci\u00f3n Acad\u00e9mica (CTICA), dependencia adscrita al\u00a0Vicerrectorado Acad\u00e9mico de la ULA, ofrece una amplia variedad de\u00a0Recursos Educativos Abiertos (REA)\u00a0que est\u00e1n disponibles de forma gratuita para la comunidad acad\u00e9mica y el p\u00fablico en general, respetando el Derecho de Autor\u00eda, mediante el\u00a0Licenciamiento Creative Commons.\u00a0<\/span><\/p>\t\t\t\t\t\t\t\t<\/div>\n\t\t\t\t<\/div>\n\t\t\t\t<\/div>\n\t\t\t\t\t<\/div>\n\t\t\t\t<\/div>\n\t\t<div class=\"elementor-element elementor-element-933f2a3 e-flex e-con-boxed e-con e-parent\" data-id=\"933f2a3\" data-element_type=\"container\" data-e-type=\"container\">\n\t\t\t\t\t<div class=\"e-con-inner\">\n\t\t\t\t<div class=\"elementor-element elementor-element-85b073d exad-sticky-section-no exad-glass-effect-no elementor-widget elementor-widget-spacer\" data-id=\"85b073d\" data-element_type=\"widget\" data-e-type=\"widget\" data-widget_type=\"spacer.default\">\n\t\t\t\t<div class=\"elementor-widget-container\">\n\t\t\t\t\t\t\t<div class=\"elementor-spacer\">\n\t\t\t<div class=\"elementor-spacer-inner\"><\/div>\n\t\t<\/div>\n\t\t\t\t\t\t<\/div>\n\t\t\t\t<\/div>\n\t\t\t\t\t<\/div>\n\t\t\t\t<\/div>\n\t\t<div class=\"elementor-element elementor-element-4bc34ee e-flex e-con-boxed e-con e-parent\" data-id=\"4bc34ee\" data-element_type=\"container\" data-e-type=\"container\">\n\t\t\t\t\t<div class=\"e-con-inner\">\n\t\t\t\t<div class=\"elementor-element elementor-element-984f5f3 exad-sticky-section-no exad-glass-effect-no elementor-widget elementor-widget-image\" data-id=\"984f5f3\" data-element_type=\"widget\" data-e-type=\"widget\" data-widget_type=\"image.default\">\n\t\t\t\t<div class=\"elementor-widget-container\">\n\t\t\t\t\t\t\t\t\t\t\t\t\t\t\t\t<a href=\"http:\/\/rea.ula.ve:8080\/xmlui\/\" target=\"_blank\">\n\t\t\t\t\t\t\t<img decoding=\"async\" width=\"1350\" height=\"186\" src=\"https:\/\/ctica.ula.ve\/observatorio\/wp-content\/uploads\/2025\/05\/BANNERE-rea-LISTO.png\" class=\"attachment-full size-full wp-image-5654\" alt=\"\" srcset=\"https:\/\/ctica.ula.ve\/observatorio\/wp-content\/uploads\/2025\/05\/BANNERE-rea-LISTO.png 1350w, https:\/\/ctica.ula.ve\/observatorio\/wp-content\/uploads\/2025\/05\/BANNERE-rea-LISTO-300x41.png 300w, https:\/\/ctica.ula.ve\/observatorio\/wp-content\/uploads\/2025\/05\/BANNERE-rea-LISTO-1024x141.png 1024w, https:\/\/ctica.ula.ve\/observatorio\/wp-content\/uploads\/2025\/05\/BANNERE-rea-LISTO-768x106.png 768w\" sizes=\"(max-width: 1350px) 100vw, 1350px\" \/>\t\t\t\t\t\t\t\t<\/a>\n\t\t\t\t\t\t\t\t\t\t\t\t\t\t\t<\/div>\n\t\t\t\t<\/div>\n\t\t\t\t\t<\/div>\n\t\t\t\t<\/div>\n\t\t\t\t<\/div>\n\t\t","protected":false},"excerpt":{"rendered":"<p>La \u200bUniversidad de los Andes, a trav\u00e9s del\u00a0Consejo de Tecnolog\u00edas de la Informaci\u00f3n y Comunicaci\u00f3n Acad\u00e9mica (CTICA), dependencia adscrita al\u00a0Vicerrectorado Acad\u00e9mico de la ULA, ofrece una amplia variedad de\u00a0Recursos Educativos Abiertos (REA)\u00a0que est\u00e1n disponibles de forma gratuita para la comunidad acad\u00e9mica y el p\u00fablico en general, respetando el Derecho de Autor\u00eda, mediante el\u00a0Licenciamiento Creative Commons.\u00a0<\/p>\n","protected":false},"author":3,"featured_media":0,"parent":0,"menu_order":0,"comment_status":"closed","ping_status":"closed","template":"","meta":{"footnotes":""},"class_list":["post-4603","page","type-page","status-publish","hentry"],"_links":{"self":[{"href":"https:\/\/ctica.ula.ve\/observatorio\/wp-json\/wp\/v2\/pages\/4603","targetHints":{"allow":["GET"]}}],"collection":[{"href":"https:\/\/ctica.ula.ve\/observatorio\/wp-json\/wp\/v2\/pages"}],"about":[{"href":"https:\/\/ctica.ula.ve\/observatorio\/wp-json\/wp\/v2\/types\/page"}],"author":[{"embeddable":true,"href":"https:\/\/ctica.ula.ve\/observatorio\/wp-json\/wp\/v2\/users\/3"}],"replies":[{"embeddable":true,"href":"https:\/\/ctica.ula.ve\/observatorio\/wp-json\/wp\/v2\/comments?post=4603"}],"version-history":[{"count":25,"href":"https:\/\/ctica.ula.ve\/observatorio\/wp-json\/wp\/v2\/pages\/4603\/revisions"}],"predecessor-version":[{"id":9411,"href":"https:\/\/ctica.ula.ve\/observatorio\/wp-json\/wp\/v2\/pages\/4603\/revisions\/9411"}],"wp:attachment":[{"href":"https:\/\/ctica.ula.ve\/observatorio\/wp-json\/wp\/v2\/media?parent=4603"}],"curies":[{"name":"wp","href":"https:\/\/api.w.org\/{rel}","templated":true}]}}